the tens digit of w/3 - (-8 - 60)?
7
Suppose 618 = 2*d + 22. Suppose 0*s = -2*s + 3*p + 294, d = 2*s - p. Suppose -36*h = -41*h + s. What is the units digit of h?
0
What is the tens digit of (-63)/3 + 15 - -14715?
0
Suppose -3*b = 0, 4*b + 121907 = 5*c - 64178. What is the hundreds digit of c?
2
What is the thousands digit of -66*21720/(-432)*15?
9
Suppose 2*m = 8*p - 10*p + 49634, 2*p = 2*m + 49654. What is the units digit of p?
2
Let h(t) = 1543*t**2 + 47*t - 27. What is the units digit of h(5)?
3
Let f be (2 - 2)/(8/(-4)) - -633. Let p = 977 - f. What is the tens digit of p?
4
Suppose -130 = -5*c + 2*d, 43 = 3*c - d - 35. Suppose p = 5, 4*y + 0*y + c = 2*p. What is the tens digit of -114*(-4)/6 - y?
8
Let r(y) = -y**3 - 3*y**2 + 5*y + 11. Let m be r(-4). Let o be 1092/(-147) - 4/m. What is the hundreds digit of 3745/28 - 2/o?
1
Suppose 0 = -2*j - 62 - 14. What is the tens digit of 86*((-3)/(-18) + j/(-6))?
5
Let l(k) = -9*k - 5. Let m be l(-1). Suppose 2942 = m*u + 2*w, u - w + 3*w - 734 = 0. What is the hundreds digit of u?
7
Suppose -5*v + 3*i + 18221 = -6583, -9909 = -2*v - 3*i. What is the units digit of v?
9
Suppose 2666 = -0*k + 4*k - r, -3*k + 1995 = -3*r. Suppose 733 = 2*t + 2*m - 585, -k = -t + 3*m. What is the hundreds digit of t?
6
Let d be -3 + 22/(-4)*-2. Suppose d = 4*a - 0. Suppose -164 = -a*b - 2*b. What is the tens digit of b?
4
Let i = -95 - -115. Let x(w) = -w**2 + 21*w - 21. Let j be x(i). What is the tens digit of (109/3)/(j/(-3))?
0
Let y = -24700 + 39376. What is the hundreds digit of y?
6
Let q = 144 - 141. Suppose -2*j + 2*g + 58 = 0, q*j + 127 = 6*j + 5*g. What is the units digit of j?
4
Let c be 192/56*(-70)/(-4). Suppose 2*h + c = i, -3*h + 30 = -4*h - i. Let w = 37 + h. What is the units digit of w?
7
Let m(c) = 31*c - 43. Let i(r) = -5*r - 20. Let z be i(-4). Suppose z = -a - 5, -4*x + 22 = 2*a - 12. What is the units digit of m(x)?
8
Let t be (-5*220/(-77))/((-4)/(-14)). Suppose -t*b - 664 = -54*b. What is the hundreds digit of b?
1
Let p = 681 + 336. What is the hundreds digit of p?
0
Let i be (3/(6/(-6)))/1 + 259. Let m = 467 - i. What is the hundreds digit of m?
2
Let d be 70/(-28)*36/(-5). Suppose d*b - 20*b = -144. What is the tens digit of b?
7
Let s(t) = t**3 - 7*t**2 + 2*t - 1. Let x be s(7). Suppose q = c - 8, 5*q + x + 7 = 3*c. Let f = 7 + c. What is the units digit of f?
7
Suppose -12*y + 8*y = -5*k - 20, y - 4*k + 6 = 0. What is the thousands digit of (y/2)/(170/51068)?
1
Let p(m) be the third derivative of -m**7/630 + m**6/60 - m**5/2 - 26*m**2. Let n(y) be the third derivative of p(y). What is the units digit of n(-6)?
0
Let q be -5 + ((-6576)/4)/(-4). Suppose -q = -2*t + 758. What is the hundreds digit of t?
5
Let r(j) = -79*j - 1. Let a be r(-6). Let p = 22 + a. What is the units digit of p?
5
Suppose -47*t + 278835 = -103785 - 9407. What is the tens digit of t?
4
Let l(u) = -128*u - 290. What is the thousands digit of l(-29)?
3
What is the ten thousands digit of -6 + 37/((-740)/(-214440))?
1
Suppose 8*w - 48 = -16. What is the tens digit of -200*21/(-14) + w?
0
Let f be 3846/5*(-3)/12*10. Let s = -713 - f. What is the thousands digit of s?
1
What is the ten thousands digit of -4*(-5308 - (-13 - -26))?
2
Suppose 12 = 3*f - 441. Suppose 5*d - f - 129 = 0. What is the tens digit of d?
5
Suppose -457*s + 463*s - 67896 = 0. What is the units digit of s?
6
Let p(q) = -286*q - 159. What is the thousands digit of p(-17)?
4
Suppose -3*r = -492 - 24. Suppose -r = -3*u + u. Suppose 0 = 2*t + u - 274. What is the tens digit of t?
9
Let m be (2395/(-4))/((-18)/(-72)). Let c = -1598 - m. What is the tens digit of c?
9
Let g(z) = z**2 - 21*z + 45. Let t be g(19). Suppose 4*f = -2*r + 4006, -f + 987 = -r - t. What is the tens digit of f?
9
Suppose -3*s - 5*n + 14 = -25, 2*s - 5*n = 1. Let y(d) = 4*d**2 - 11*d - 6. Let o be y(s). Let k = o - 23. What is the units digit of k?
9
Let p(i) = -i**3 + 11*i**2 + 2*i + 8. Let g be p(11). Suppose 110 = 2*v - 2*l - 1698, 0 = 5*l + 20. Suppose g*w - 26*w = v. What is the hundreds digit of w?
2
Let u = -929 - -311. Let p be 27/12 + -3 + u/8. What is the units digit of p/21 + 4 + 80/14?
6
Let a = 726 - 2052. Let b = -761 - a. What is the tens digit of b?
6
Let y be 6*2/(-18)*-3. Suppose -2*c = 4*i - y, 5*c - 17 = -0*c - 4*i. Suppose -c*x - x + 84 = 0. What is the tens digit of x?
1
Suppose -5*l + 8*l - 441 = 0. Suppose 3*r + b = 191, 5*r - 5*b - l = 178. Suppose -172 = -6*g - r. What is the tens digit of g?
1
Let n(w) = w**3 + 16*w**2 - 2*w + 6. Let f = 346 + -169. Suppose -17 = -10*z - f. What is the units digit of n(z)?
8
Let p(i) = 32*i + 2. Let n be (-5 - -2 - -2) + -5 + 2. Let t be p(n). What is the units digit of 5/(-7) + 1 + (-7524)/t?
0
Suppose 4*d + g + 2 = 16, -d + 14 = -5*g. Suppose 17*v = -d*v + 25641. What is the hundreds digit of v?
2
Let u(c) = 132*c - 2. Let j be u(-1). Let b = j - -95. Let k = b - -66. What is the units digit of k?
7
Let n be ((-3030)/9)/((-5)/15). Suppose 5*y - 3255 = -n. What is the hundreds digit of y?
4
Let r = -190 - -191. What is the tens digit of (-14334)/(-66) + (6/(-33))/r?
1
Let y = 2011 + 572. What is the tens digit of y?
8
Let g = 14234 + -6264. What is the hundreds digit of g?
9
Suppose 34*l - 544890 = -89*l. What is the hundreds digit of l?
4
Let x be 8*16/6*72/(-16). Let t be (x/(-15) - 5) + (-6)/(-10). Suppose 4 = -2*g, -t*w + 3*g + 101 + 25 = 0. What is the tens digit of w?
6
Let z(y) = -3*y + 6. Let r be z(-4). Let u be (14/3)/(r/3213). Suppose -5*o = -4*f + 3*f - u, -5*f = -2*o + 347. What is the tens digit of o?
6
Suppose 0 = u - 4*y - 3410 - 2791, 2*u - 12422 = 3*y. What is the hundreds digit of u?
2
Let w = -54407 - -80464. What is the thousands digit of w?
6
Let k be (-204)/(-2 + -2)*-1. Let c = -53 - k. What is the tens digit of (2 - c - 5)*-35?
3
Suppose 4*f - h + 4*h = -2539, f + 637 = -3*h. What is the units digit of (f/(-102) - (-20)/170)*57?
1
Let d = 65 - 57. Let g be 62/10 - (-1)/(-5). Suppose d*h - g*h = 284. What is the hundreds digit of h?
1
Let k(h) = 32*h**2 + 7*h - 101. What is the units digit of k(10)?
9
Let o(y) = -325*y - 1724. What is the thousands digit of o(-27)?
7
Let r(w) = 2*w**3 - 49*w**2 + 22*w + 53. Let j be r(24). Suppose i + 297 - 1460 = 2*q, 0 = j*i - 2*q - 5807. What is the hundreds digit of i?
1
Suppose -6*p - 5*p = -4*p - 259077. What is the units digit of p?
1
Suppose -887*z = -923*z + 1205640. What is the tens digit of z?
9
Let l(f) = -41*f**3 + 15*f**2 + 160*f + 7. What is the units digit of l(-8)?
9
Suppose -81452 - 42938 = -35*n. What is the tens digit of n?
5
Suppose -5*o = -17 - 573. Suppose -3*h + 3*s = 5*s + 180, 5*h = -2*s - 304. Let d = o + h. What is the units digit of d?
6
Let l be (-12)/(1/((-20)/(-15))). What is the tens digit of 22/(-176) - 9138/l?
7
Suppose u - 8 = -u, -x - 5*u + 429 = 0. Suppose -2*t - 2*k + k + x = 0, -t + 212 = 3*k. What is the tens digit of t?
0
Let r = 86 + -85. Let t(l) = 198*l**3 - l**2 - 2*l + 2. What is the units digit of t(r)?
7
Let c = -8743 - -16591. What is the units digit of (-2)/(-7) - (3 - c/21)?
1
Let i = 83226 + -4097. What is the tens digit of i?
2
Suppose -4*v + 114*r - 110*r = -18844, -v = -4*r - 4717. What is the tens digit of v?
0
Suppose -3*t + 2*z = 232, -3*z + 8*z - 10 = 0. Let j = 54 + t. Let k = j - -63. What is the tens digit of k?
4
Let k(m) be the first derivative of -m**4/2 - 52*m**3/3 - 55*m**2/2 + 5*m + 157. What is the units digit of k(-25)?
0
Let r = -598 - -601. What is the thousands digit of (-9 + 4)/(r/(-753))?
1
Suppose 2*p = 3*k + 131813, 15*p - 5*k - 131795 = 13*p. What is the hundreds digit of p?
9
Suppose -20*g - 28 = -27*g. Suppose 937 = -g*v + 4117. What is the units digit of v?
5
Let k(h) = -6*h + 78. Let r be k(12). What is the tens digit of ((-10944)/(-760))/(1/(220/r))?
2
Let t = -12980 - -19140. Suppose -21*o + t = -o. What is the tens digit of o?
0
Suppose 2*d = -m + 90984, -d - 42*m = -43*m - 45498. What is the hundreds digit of d?
4
Suppose -4*y - f - f - 12 = 0, 0 = -y - f - 2. Let u(c) = -2*c**2 - 68474*c - 9 + 68470*c + 13*c**2. What is the tens digit of u(y)?
8
Suppose -4*x + 123 - 13 = 5*i, 2*i = 3*x + 67. What is the tens digit of 101 + (-56)/i + 10/65?
9
Suppose -2*o - 4 = -0*o, u + 2*o 